{"id":25,"date":"2020-02-25T20:46:25","date_gmt":"2020-02-25T19:46:25","guid":{"rendered":"http:\/\/wir-in-erzhausen.de\/wordpress\/?page_id=25"},"modified":"2022-10-20T13:14:14","modified_gmt":"2022-10-20T11:14:14","slug":"aktivitaeten","status":"publish","type":"page","link":"https:\/\/wir-in-erzhausen.de\/wordpress\/aktivitaeten\/","title":{"rendered":"\u00dcberblick"},"content":{"rendered":"\n<p><p>Die Vermittlung von Freiwilligendiensten, d.h. die Funktion einer Ehrenamtsagentur ist nur ein &#8222;Standbein&#8220; von<em> WIR-in-Erzhausen<\/em>. Um die Menschen in Erzhausen zusammenzubringen, waren und sind die Organisation und die Durchf\u00fchrung von Veranstaltungen, Treffen und Ausfl\u00fcgen ebenso bedeutsam. Dabei wollen wir mit den etablierten Veranstaltungen von Vereinen und anderen Gruppierungen nicht konkurrieren, sondern diese erg\u00e4nzen.<\/p>\n<p>Neben &#8222;einmaligen&#8220; Veranstaltungen haben sich auch laufende und j\u00e4hrlich wiederkehrende Aktivit\u00e4ten etabliert. Alle Aktivit\u00e4ten sind hier in der <a href=\"https:\/\/wir-in-erzhausen.de\/wordpress\/chronik\/\">Chronik<\/a> dokumentiert. Hervorragende Fotodokumentationen zu vielen Veranstaltungen hat Georg Weber auf seiner <a href=\"http:\/\/www.ggweber.de\/WirErz\/WirAlb.htm\" target=\"_blank\" rel=\"noreferrer noopener\">privaten Homepage<\/a> ver\u00f6ffentlicht. N\u00e4heres \u00fcber aktuelle Ereignisse, die in K\u00fcrze stattfinden, finden Sie <a href=\"https:\/\/wir-in-erzhausen.de\/wordpress\/aktuelles\/\">hier<\/a> und nat\u00fcrlich im <a href=\"http:\/\/www.arheilger-post.de\/online-zeitung.html\" target=\"_blank\" rel=\"noreferrer noopener\">Erzh\u00e4user Anzeiger<\/a> und im <a href=\"http:\/\/terminkalender-erzhausen.de\/\" target=\"_blank\" rel=\"noreferrer noopener\">Terminkalender<\/a>. Wenn Sie Interesse an der einen oder anderen Veranstaltung oder Vorschl\u00e4ge f\u00fcr andere Aktivit\u00e4ten haben, sind Sie auch herzlich eingeladen, uns in unserem <a href=\"https:\/\/wir-in-erzhausen.de\/wordpress\/kontakt\/\">B\u00fcro im Rathaus<\/a> zu besuchen.<\/p><\/p>\n\n\n\n<ul class=\"wp-block-list\"><li>Fahrrad-Touren und Wanderungen in die n\u00e4here Umgebung Hierzu wird noch ein\/e Organisator\/in gesucht. Etwas weitere Touren organisiert die AG 60 plus des Erzh\u00e4user SPD-Ortsvereins. Infos und Ank\u00fcndigungen dazu finden Sie im Erzh\u00e4user Anzeiger und auf der <a rel=\"noopener noreferrer\" href=\"https:\/\/www.spd-erzhausen.de\/\" target=\"_blank\">Homepage der Erzh\u00e4user SPD<\/a>.<\/li><li>Tanztee f\u00fcr die Generation 60+<br>Einen reich bebilderten Bericht vom &#8222;N\u00e4rrischen Tanztee 2019&#8220; findet man <a rel=\"noreferrer noopener\" href=\"http:\/\/www.ggweber.de\/WirErz\/WIR2019\/Wir190225TanzTee.htm\" target=\"_blank\">hier.<\/a><\/li><li>Strick- und H\u00e4kelkreis, Termine werden im Erzh\u00e4user Anzeiger bekannt gegeben<\/li><li>Waldweihnacht<br><img loading=\"lazy\" decoding=\"async\" width=\"300\" height=\"200\" class=\"alignnone size-medium wp-image-282\" src=\"https:\/\/wir-in-erzhausen.de\/wordpress\/wp-content\/uploads\/Aktivitaeten\/2016-Waldweihnacht-300x200.jpg\" alt=\"\" srcset=\"https:\/\/wir-in-erzhausen.de\/wordpress\/wp-content\/uploads\/Aktivitaeten\/2016-Waldweihnacht-300x200.jpg 300w, https:\/\/wir-in-erzhausen.de\/wordpress\/wp-content\/uploads\/Aktivitaeten\/2016-Waldweihnacht-1024x683.jpg 1024w, https:\/\/wir-in-erzhausen.de\/wordpress\/wp-content\/uploads\/Aktivitaeten\/2016-Waldweihnacht-768x512.jpg 768w, https:\/\/wir-in-erzhausen.de\/wordpress\/wp-content\/uploads\/Aktivitaeten\/2016-Waldweihnacht-120x80.jpg 120w, https:\/\/wir-in-erzhausen.de\/wordpress\/wp-content\/uploads\/Aktivitaeten\/2016-Waldweihnacht.jpg 1151w\" sizes=\"auto, (max-width: 300px) 100vw, 300px\" \/><br>Am 4. Advent wird ebenso in und an der Heegberghalle die Waldweihnacht veranstaltet. <em>WIR-in-Erzhausen<\/em> sorgt f\u00fcr Gl\u00fchwein und f\u00fcr nicht-alkoholische hei\u00dfe Getr\u00e4nke. Die Teilnehmer bringen Speisen und Kaltgetr\u00e4nke mit und stellen diese auch den anderen zur Verf\u00fcgung. Dass bei der Waldweihnacht viel gesungen wird, versteht sich von selbst. F\u00fcr die Musik sorgen exzellente Erzh\u00e4userInnen, ob alleine mit Gitarre oder als junge Band. <em>WIR-in-Erzhausen<\/em> gewinnt aber auch immer weitere Vortragende, so dass f\u00fcr jeden etwas dabei ist. H\u00f6hepunkt und Abschluss bildet der Besuch des Christkindes. <a rel=\"noreferrer noopener\" href=\"http:\/\/www.ggweber.de\/WirErz\/WIR2019\/Wir2019-12-22WW.htm\" target=\"_blank\">Hier<\/a> finden Sie einen Bericht \u00fcber die Waldweihnacht 2019.<\/li><\/ul>\n","protected":false},"excerpt":{"rendered":"<p>Die Vermittlung von Freiwilligendiensten, d.h. die Funktion einer Ehrenamtsagentur ist nur ein &#8222;Standbein&#8220; von WIR-in-Erzhausen.<\/p>\n","protected":false},"author":2,"featured_media":0,"parent":0,"menu_order":0,"comment_status":"closed","ping_status":"closed","template":"","meta":{"footnotes":""},"class_list":["post-25","page","type-page","status-publish","hentry"],"_links":{"self":[{"href":"https:\/\/wir-in-erzhausen.de\/wordpress\/wp-json\/wp\/v2\/pages\/25","targetHints":{"allow":["GET"]}}],"collection":[{"href":"https:\/\/wir-in-erzhausen.de\/wordpress\/wp-json\/wp\/v2\/pages"}],"about":[{"href":"https:\/\/wir-in-erzhausen.de\/wordpress\/wp-json\/wp\/v2\/types\/page"}],"author":[{"embeddable":true,"href":"https:\/\/wir-in-erzhausen.de\/wordpress\/wp-json\/wp\/v2\/users\/2"}],"replies":[{"embeddable":true,"href":"https:\/\/wir-in-erzhausen.de\/wordpress\/wp-json\/wp\/v2\/comments?post=25"}],"version-history":[{"count":9,"href":"https:\/\/wir-in-erzhausen.de\/wordpress\/wp-json\/wp\/v2\/pages\/25\/revisions"}],"predecessor-version":[{"id":917,"href":"https:\/\/wir-in-erzhausen.de\/wordpress\/wp-json\/wp\/v2\/pages\/25\/revisions\/917"}],"wp:attachment":[{"href":"https:\/\/wir-in-erzhausen.de\/wordpress\/wp-json\/wp\/v2\/media?parent=25"}],"curies":[{"name":"wp","href":"https:\/\/api.w.org\/{rel}","templated":true}]}}

Überblick

<p><p>Die Vermittlung von Freiwilligendiensten, d.h. die Funktion einer Ehrenamtsagentur ist nur ein &#8222;Standbein&#8220; von<em> WIR-in-Erzhausen</em>. Um die Menschen in Erzhausen zusammenzubringen, waren und sind die Organisation und die Durchführung von Veranstaltungen, Treffen und Ausflügen ebenso bedeutsam. Dabei wollen wir mit den etablierten Veranstaltungen von Vereinen und anderen Gruppierungen nicht konkurrieren, sondern diese ergänzen.</p>
<p>Neben &#8222;einmaligen&#8220; Veranstaltungen haben sich auch laufende und jährlich wiederkehrende Aktivitäten etabliert. Alle Aktivitäten sind hier in der <a href="https://wir-in-erzhausen.de/wordpress/chronik/">Chronik</a> dokumentiert. Hervorragende Fotodokumentationen zu vielen Veranstaltungen hat Georg Weber auf seiner <a href="http://www.ggweber.de/WirErz/WirAlb.htm" target="_blank" rel="noreferrer noopener">privaten Homepage</a> veröffentlicht. Näheres über aktuelle Ereignisse, die in Kürze stattfinden, finden Sie <a href="https://wir-in-erzhausen.de/wordpress/aktuelles/">hier</a> und natürlich im <a href="http://www.arheilger-post.de/online-zeitung.html" target="_blank" rel="noreferrer noopener">Erzhäuser Anzeiger</a> und im <a href="http://terminkalender-erzhausen.de/" target="_blank" rel="noreferrer noopener">Terminkalender</a>. Wenn Sie Interesse an der einen oder anderen Veranstaltung oder Vorschläge für andere Aktivitäten haben, sind Sie auch herzlich eingeladen, uns in unserem <a href="https://wir-in-erzhausen.de/wordpress/kontakt/">Büro im Rathaus</a> zu besuchen.</p></p>



<ul class="wp-block-list"><li>Fahrrad-Touren und Wanderungen in die nähere Umgebung Hierzu wird noch ein/e Organisator/in gesucht. Etwas weitere Touren organisiert die AG 60 plus des Erzhäuser SPD-Ortsvereins. Infos und Ankündigungen dazu finden Sie im Erzhäuser Anzeiger und auf der <a rel="noopener noreferrer" href="https://www.spd-erzhausen.de/" target="_blank">Homepage der Erzhäuser SPD</a>.</li><li>Tanztee für die Generation 60+<br>Einen reich bebilderten Bericht vom &#8222;Närrischen Tanztee 2019&#8220; findet man <a rel="noreferrer noopener" href="http://www.ggweber.de/WirErz/WIR2019/Wir190225TanzTee.htm" target="_blank">hier.</a></li><li>Strick- und Häkelkreis, Termine werden im Erzhäuser Anzeiger bekannt gegeben</li><li>Waldweihnacht<br><img loading="lazy" decoding="async" width="300" height="200" class="alignnone size-medium wp-image-282" src="https://wir-in-erzhausen.de/wordpress/wp-content/uploads/Aktivitaeten/2016-Waldweihnacht-300x200.jpg" alt="" srcset="https://wir-in-erzhausen.de/wordpress/wp-content/uploads/Aktivitaeten/2016-Waldweihnacht-300x200.jpg 300w, https://wir-in-erzhausen.de/wordpress/wp-content/uploads/Aktivitaeten/2016-Waldweihnacht-1024x683.jpg 1024w, https://wir-in-erzhausen.de/wordpress/wp-content/uploads/Aktivitaeten/2016-Waldweihnacht-768x512.jpg 768w, https://wir-in-erzhausen.de/wordpress/wp-content/uploads/Aktivitaeten/2016-Waldweihnacht-120x80.jpg 120w, https://wir-in-erzhausen.de/wordpress/wp-content/uploads/Aktivitaeten/2016-Waldweihnacht.jpg 1151w" sizes="auto, (max-width: 300px) 100vw, 300px" /><br>Am 4. Advent wird ebenso in und an der Heegberghalle die Waldweihnacht veranstaltet. <em>WIR-in-Erzhausen</em> sorgt für Glühwein und für nicht-alkoholische heiße Getränke. Die Teilnehmer bringen Speisen und Kaltgetränke mit und stellen diese auch den anderen zur Verfügung. Dass bei der Waldweihnacht viel gesungen wird, versteht sich von selbst. Für die Musik sorgen exzellente ErzhäuserInnen, ob alleine mit Gitarre oder als junge Band. <em>WIR-in-Erzhausen</em> gewinnt aber auch immer weitere Vortragende, so dass für jeden etwas dabei ist. Höhepunkt und Abschluss bildet der Besuch des Christkindes. <a rel="noreferrer noopener" href="http://www.ggweber.de/WirErz/WIR2019/Wir2019-12-22WW.htm" target="_blank">Hier</a> finden Sie einen Bericht über die Waldweihnacht 2019.</li></ul>
