{"id":15,"date":"2020-02-25T20:44:16","date_gmt":"2020-02-25T19:44:16","guid":{"rendered":"http:\/\/wir-in-erzhausen.de\/wordpress\/?page_id=15"},"modified":"2025-03-11T13:58:42","modified_gmt":"2025-03-11T12:58:42","slug":"ueber-uns","status":"publish","type":"page","link":"https:\/\/wir-in-erzhausen.de\/wordpress\/ueber-uns\/","title":{"rendered":"\u00dcber uns"},"content":{"rendered":"\r\n<p><strong>WIR-in-Erzhausen<\/strong>, das sind letztlich <strong>WIR <\/strong>alle: Alle, die bei den Freiwilligendiensten und an den Aktionen (Veranstaltungen, Treffen, Ausfl\u00fcge, usw.) beteiligt sind, ob als Organisator, Vermittler, Helfer,\u00a0 &#8222;einfacher&#8220; Teilnehmer oder als jemand, der Hilfe annimmt.<br \/>Auf der Seite der Organisatoren \/ Vermittler besteht der Kern des WIR-Teams seit 2025 wieder aus vier Personen: Eveline Wesp, Roswitha Vasconi, Astrid R\u00fcttger und Stefan Oemisch. <br \/>Das Kernteam wird in Teilbereichen st\u00e4ndig oder fallweise von zahlreichen Helfern unterst\u00fctzt. Der Strick- und H\u00e4kelkreises wurde zun\u00e4chst von Lilo Schmidt und Anne Woost organisiert, Anfang 2020 \u00fcbernahmen Rita Batzel und Ilse Heck diese Aufgabe. Seit November 2019 ist auch Oliver Frese zu nennen, denn ab dieser Zeit organisiert er dankenswerterweise die Familienfreizeit im Kreisjugendheim Ernsthofen. Den neuen Internet-Auftritt auf Basis von WordPress verdanken wir in der Hauptsache Manuel Voigt, der mit unerm\u00fcdlichem Engagement die Umstellung bewerkstelligt hat.<\/p>\r\n\r\n\r\n\r\n<p>In den Anfangsjahren geh\u00f6rte auch Johannes Stock dazu, der zusammen mit Eveline Wesp und mit Unterst\u00fctzung des damaligen B\u00fcrgermeisters Rainer Seibold WIR-in-Erzhausen initiiert hatte. Alle weiteren Helfer aufzuf\u00fchren, w\u00fcrde hier den Rahmen sprengen. Auf alle F\u00e4lle sei auch diesen Helfern an dieser Stelle herzlich gedankt!<br \/><br \/><em>WIR-in-Erzhausen<\/em> ist <strong>kein Verein<\/strong>, um den administrativen Aufwand so gering wie m\u00f6glich zu halten. Aus gleichem Grund gibt es bei den Freiwilligendiensten kein Bonuspunkte-System oder \u00c4hnliches. Jeder soll so viel Hilfe leisten wie er\/sie will und kann, jeder soll so viel Hilfe in Anspruch nehmen, wie er\/sie ben\u00f6tigt.<br \/><br \/><em>WIR-in-Erzhausen<\/em> ist unabh\u00e4ngig, neutral und \u00fcberparteilich.<\/p>\r\n\r\n\r\n\r\n<p>Das <strong>Kern-Team <\/strong>stellt sich vor:<\/p>\r\n<table style=\"height: 869px; width: 101.726%; border-collapse: collapse; border-style: none; border-color: #cfcfcf;\">\r\n<tbody>\r\n<tr style=\"height: 25px;\">\r\n<td style=\"vertical-align: bottom; width: 18.568%; height: 25px; border-style: none;\" scope=\"rowgroup\">\u00a0<\/td>\r\n<td style=\"vertical-align: bottom; width: 31.9175%; height: 25px; border-style: none;\" scope=\"rowgroup\"><br \/><strong>Eveline Wesp<\/strong><\/td>\r\n<td style=\"width: 17.4797%; vertical-align: bottom; height: 25px; border-style: none;\" scope=\"rowgroup\">\u00a0<\/td>\r\n<td style=\"width: 31.8863%; vertical-align: bottom; height: 25px; border-style: none;\" scope=\"rowgroup\"><strong>Stefan Oemisch<\/strong><\/td>\r\n<\/tr>\r\n<tr style=\"height: 416px;\">\r\n<td style=\"width: 18.568%; vertical-align: top; height: 416px; border-style: none;\"><img loading=\"lazy\" decoding=\"async\" class=\"alignright wp-image-477\" src=\"https:\/\/wir-in-erzhausen.de\/wordpress\/wp-content\/uploads\/2020\/08\/Evi.jpg\" alt=\"Evi\" width=\"102\" height=\"131\" \/><\/td>\r\n<td style=\"width: 31.9175%; vertical-align: top; height: 416px; border-style: none;\">\r\n<ul>\r\n<li>Jahrgang 1955<\/li>\r\n<li>gelernte Industriekauffrau,<\/li>\r\n<li>1987 Neuanfang \/Weiterbildung zur Medizinprodukteberaterin im Sanit\u00e4tshaus<\/li>\r\n<li>geboren und aufgewachsen in H\u00e4hnlein an der Bergstra\u00dfe<\/li>\r\n<li>seit Ende 2018 in Rente<\/li>\r\n<li>Initiatorin und &#8222;treibende Kraft&#8220;<\/li>\r\n<\/ul>\r\n<\/td>\r\n<td style=\"width: 17.4797%; vertical-align: top; height: 416px; border-style: none;\"><img loading=\"lazy\" decoding=\"async\" class=\"wp-image-410 size-full alignright\" src=\"https:\/\/wir-in-erzhausen.de\/wordpress\/wp-content\/uploads\/2020\/07\/2020Stefan.jpg\" alt=\"Stefan\" width=\"99\" height=\"128\" \/><\/td>\r\n<td style=\"width: 31.8863%; vertical-align: top; height: 416px; border-style: none;\">\r\n<ul>\r\n<li>Jahrgang 1954<\/li>\r\n<li>Dipl. Ing. Elektrotechnik<br \/>(TH Darmstadt)<\/li>\r\n<li>seit Sept. 2016 in Rente<\/li>\r\n<li>in Halle (Saale) geboren<\/li>\r\n<li>in Saarbr\u00fccken aufgewachsen<\/li>\r\n<li>seit 1995 in Erzhausen<\/li>\r\n<li>packt an, wo es notwendig ist<\/li>\r\n<li>und leistet vor allem &#8222;technische&#8220; Hilfe<\/li>\r\n<\/ul>\r\n<\/td>\r\n<\/tr>\r\n<tr style=\"height: 43px;\">\r\n<td style=\"width: 18.568%; height: 43px; border-style: none;\">\u00a0<\/td>\r\n<td style=\"width: 31.9175%; height: 43px; border-style: none;\"><strong>Roswitha Vasconi<\/strong><\/td>\r\n<td style=\"width: 17.4797%; height: 43px; border-style: none;\">\u00a0<\/td>\r\n<td style=\"width: 31.8863%; height: 43px; border-style: none;\"><strong>Astrid R\u00fcttger<\/strong><\/td>\r\n<\/tr>\r\n<tr style=\"height: 385px;\">\r\n<td style=\"width: 18.568%; vertical-align: top; height: 385px; border-style: none;\"><img loading=\"lazy\" decoding=\"async\" class=\" wp-image-124 alignright\" src=\"https:\/\/wir-in-erzhausen.de\/wordpress\/wp-content\/uploads\/WIR-ueber-uns\/Roswitha.jpg\" alt=\"\" width=\"90\" height=\"135\" \/><\/td>\r\n<td style=\"width: 31.9175%; vertical-align: top; height: 385px; border-style: none;\">\r\n<ul>\r\n<li>Jahrgang 1946<\/li>\r\n<li>Diplom Psychologin<br \/>(Universit\u00e4t Heidelberg)<\/li>\r\n<li>geboren in Aalborg (D\u00e4nemark)<\/li>\r\n<li>aufgewachsen in Bad Br\u00fcckenau und Reutlingen; seit 1987 in Erzhausen<\/li>\r\n<li>seit August 2017 im Kernteam<\/li>\r\n<\/ul>\r\n<\/td>\r\n<td style=\"width: 17.4797%; vertical-align: top; height: 385px; border-style: none;\"><img loading=\"lazy\" decoding=\"async\" class=\"alignright\" src=\"https:\/\/wir-in-erzhausen.de\/wordpress\/wp-content\/uploads\/2025\/03\/Astrid2.jpg\" alt=\"\" width=\"102\" height=\"142\" \/><\/td>\r\n<td style=\"width: 31.8863%; vertical-align: top; height: 385px; border-style: none;\">\r\n<ul>\r\n<li>Jahrgang 1963<\/li>\r\n<li>Betriebswirtin<\/li>\r\n<li>geboren und aufgewachsen in Bischofsheim<\/li>\r\n<li>seit 2002 in Erzhausen<\/li>\r\n<li>seit Januar 2025 im Kernteam<\/li>\r\n<li>m\u00f6chte gerne etwas zur Erzh\u00e4user Dorfgemeinschaft beitragen<\/li>\r\n<\/ul>\r\n<\/td>\r\n<\/tr>\r\n<\/tbody>\r\n<\/table>\r\n\r\n\r\n\r\n\r\n\r\n\r\n\r\n<p><strong>Zusammenarbeit mit der Gemeinde Erzhausen<\/strong><br \/>WIR-in-Erzhausen arbeitet sehr eng mit den MitarbeiterInnen der Gemeindeverwaltung Erzhausen zusammen. Von ihnen und von der B\u00fcrgermeisterin Frau Lange erhalten wir jede erdenkliche Unterst\u00fctzung. Umgekehrt dient WIR-in-Erzhausen bei bestimmten sozialen Angelegenheiten oder (gemeinsamen) Projekten als der &#8222;verl\u00e4ngerte Arm&#8220; der Gemeinde Erzhausen.<br \/><br \/><a id=\"ELotsen\"><\/a><br \/><strong>Engagement-Lotsen<\/strong><br \/>2014 haben sich Eveline Wesp, Lilo Schmidt und Stefan Oemisch in Wochenend-Seminaren zum <a href=\"http:\/\/www.gemeinsam-aktiv.de\/dynasite.cfm?dsmid=21556\" target=\"_blank\" rel=\"noopener noreferrer\">Engagement-Lotsen<\/a>, kurz: E-Lotsen, ausbilden lassen. Anhand des selbst gew\u00e4hlten Beispiels &#8222;Durchf\u00fchrung eines Tanztees f\u00fcr die Generation 60+&#8220; wurde ihnen von Ausbildern des Landes Hessen die Methodik der Projektarbeit vermittelt.<\/p>\r\n<table style=\"width: 100%; border-collapse: collapse; border-style: none;\">\r\n<tbody>\r\n<tr>\r\n<td style=\"width: 50%; border-style: none;\"><img loading=\"lazy\" decoding=\"async\" class=\"size-medium wp-image-432 aligncenter\" src=\"https:\/\/wir-in-erzhausen.de\/wordpress\/wp-content\/uploads\/2020\/07\/2019_WIR_-Poster-klein-212x300.jpg\" alt=\"Poster 2019\" width=\"212\" height=\"300\" srcset=\"https:\/\/wir-in-erzhausen.de\/wordpress\/wp-content\/uploads\/2020\/07\/2019_WIR_-Poster-klein-212x300.jpg 212w, https:\/\/wir-in-erzhausen.de\/wordpress\/wp-content\/uploads\/2020\/07\/2019_WIR_-Poster-klein-724x1024.jpg 724w, https:\/\/wir-in-erzhausen.de\/wordpress\/wp-content\/uploads\/2020\/07\/2019_WIR_-Poster-klein-768x1087.jpg 768w, https:\/\/wir-in-erzhausen.de\/wordpress\/wp-content\/uploads\/2020\/07\/2019_WIR_-Poster-klein-1085x1536.jpg 1085w, https:\/\/wir-in-erzhausen.de\/wordpress\/wp-content\/uploads\/2020\/07\/2019_WIR_-Poster-klein-1447x2048.jpg 1447w, https:\/\/wir-in-erzhausen.de\/wordpress\/wp-content\/uploads\/2020\/07\/2019_WIR_-Poster-klein-scaled.jpg 1809w\" sizes=\"auto, (max-width: 212px) 100vw, 212px\" \/><\/td>\r\n<td style=\"width: 50%; border-style: none;\"><img loading=\"lazy\" decoding=\"async\" class=\"size-medium wp-image-428 aligncenter\" src=\"https:\/\/wir-in-erzhausen.de\/wordpress\/wp-content\/uploads\/2020\/07\/Zertifikatsuebergabe-EA-212x300.jpg\" alt=\"E-Lotsen Zertifikats\u00fcbergabe\" width=\"212\" height=\"300\" srcset=\"https:\/\/wir-in-erzhausen.de\/wordpress\/wp-content\/uploads\/2020\/07\/Zertifikatsuebergabe-EA-212x300.jpg 212w, https:\/\/wir-in-erzhausen.de\/wordpress\/wp-content\/uploads\/2020\/07\/Zertifikatsuebergabe-EA.jpg 250w\" sizes=\"auto, (max-width: 212px) 100vw, 212px\" \/><\/td>\r\n<\/tr>\r\n<tr>\r\n<td style=\"width: 50%; text-align: center; vertical-align: top; border-style: none;\">aktuelles Poster von WIR-in-Erzhausen in h\u00f6herer Aufl\u00f6sung herunterladen: <a href=\"https:\/\/wir-in-erzhausen.de\/wordpress\/wp-content\/uploads\/2020\/07\/2019_WIR-Poster-A1.pdf\" target=\"_blank\" rel=\"noopener noreferrer\">PDF-Datei (3,8 MB)<\/a><\/td>\r\n<td style=\"width: 50%; text-align: center; vertical-align: top; border-style: none;\">Bericht aus dem &#8222;Erzh\u00e4user Anzeiger&#8220; herunterladen:\u00a0 <a href=\"https:\/\/wir-in-erzhausen.de\/wordpress\/wp-content\/uploads\/2020\/07\/ZertifikatE-LotsenEA.pdf\" target=\"_blank\" rel=\"noopener noreferrer\">PDF-Datei (293 kB)<\/a>,<br \/>s.a. <a href=\"http:\/\/www.erzhausen.eu\/index_main.php?modules=news&amp;callmode=1&amp;unid=100&amp;websiteid=aktuelles\" target=\"_blank\" rel=\"noopener noreferrer\">Homepage der Gemeinde Erzhausen<\/a><\/td>\r\n<\/tr>\r\n<\/tbody>\r\n<\/table>\r\n<p><strong>Links zu weiteren Berichten \u00fcber die Arbeit von WIR-in-Erzhausen in den Medien:<\/strong><\/p>\r\n<ul>\r\n<li><a href=\"https:\/\/wir-in-erzhausen.de\/wordpress\/wp-content\/uploads\/2020\/07\/Festschrift.pdf\" target=\"_blank\" rel=\"noopener noreferrer\">Festschrift zur 750-Jahr-Feier von Erzhausen (PDF-Datei, 342 kB)<\/a><\/li>\r\n<li><a href=\"https:\/\/wir-in-erzhausen.de\/wordpress\/wp-content\/uploads\/2020\/07\/2014_03_05-DE.pdf\" target=\"_blank\" rel=\"noopener noreferrer\">Darmst\u00e4dter Echo vom 5. M\u00e4rz 2014 (PDF-Datei, 20 kB)<\/a><\/li>\r\n<li><a href=\"https:\/\/wir-in-erzhausen.de\/wordpress\/wp-content\/uploads\/2020\/07\/2016_10_14-DE.pdf\" target=\"_blank\" rel=\"noopener noreferrer\">Darmst\u00e4dter Echo vom 14. Oktober 2016 (PDF-Datei, 167 kB)<\/a><\/li>\r\n<\/ul>\r\n","protected":false},"excerpt":{"rendered":"<p>WIR-in-Erzhausen, das sind letztlich WIR alle: Alle, die bei den Freiwilligendiensten und an den Aktionen<\/p>\n","protected":false},"author":2,"featured_media":0,"parent":0,"menu_order":0,"comment_status":"closed","ping_status":"closed","template":"","meta":{"footnotes":""},"class_list":["post-15","page","type-page","status-publish","hentry"],"_links":{"self":[{"href":"https:\/\/wir-in-erzhausen.de\/wordpress\/wp-json\/wp\/v2\/pages\/15","targetHints":{"allow":["GET"]}}],"collection":[{"href":"https:\/\/wir-in-erzhausen.de\/wordpress\/wp-json\/wp\/v2\/pages"}],"about":[{"href":"https:\/\/wir-in-erzhausen.de\/wordpress\/wp-json\/wp\/v2\/types\/page"}],"author":[{"embeddable":true,"href":"https:\/\/wir-in-erzhausen.de\/wordpress\/wp-json\/wp\/v2\/users\/2"}],"replies":[{"embeddable":true,"href":"https:\/\/wir-in-erzhausen.de\/wordpress\/wp-json\/wp\/v2\/comments?post=15"}],"version-history":[{"count":26,"href":"https:\/\/wir-in-erzhausen.de\/wordpress\/wp-json\/wp\/v2\/pages\/15\/revisions"}],"predecessor-version":[{"id":1323,"href":"https:\/\/wir-in-erzhausen.de\/wordpress\/wp-json\/wp\/v2\/pages\/15\/revisions\/1323"}],"wp:attachment":[{"href":"https:\/\/wir-in-erzhausen.de\/wordpress\/wp-json\/wp\/v2\/media?parent=15"}],"curies":[{"name":"wp","href":"https:\/\/api.w.org\/{rel}","templated":true}]}}